me number?
True
Is 54328411 a prime number?
False
Is 68297605 composite?
True
Is 2436199 a composite number?
True
Is 9657679 composite?
False
Is 8408479 composite?
True
Is 17399713 a prime number?
True
Is 235199177 a prime number?
False
Is 14791799 composite?
True
Is 22598773 a composite number?
True
Is 60139841 a prime number?
True
Is 7454747 composite?
True
Is 56472227 composite?
True
Is 41556667 a prime number?
False
Is 3374897 a composite number?
True
Is 14054809 a prime number?
True
Is 18669887 a composite number?
True
Is 3206701 a composite number?
False
Is 615751709 prime?
True
Is 1793674 a prime number?
False
Is 2547757 a composite number?
False
Is 77017 composite?
False
Is 2032717 prime?
False
Is 22233691 a prime number?
False
Is 45973609 composite?
True
Is 131804287 a prime number?
True
Is 36353 a prime number?
True
Is 40090649 prime?
True
Is 25793831 a composite number?
True
Is 69626573 a prime number?
True
Is 83067169 prime?
False
Is 2641879 composite?
False
Is 10702907 composite?
False
Is 18761807 composite?
False
Is 79101361 a prime number?
False
Is 249378599 a composite number?
False
Is 832177 composite?
True
Is 2232379 a prime number?
True
Is 75896269 prime?
False
Is 149844169 composite?
False
Is 260928443 a composite number?
True
Is 20220169 a prime number?
False
Is 1631401 composite?
True
Is 290866931 composite?
False
Is 7958911 prime?
False
Is 35887183 a prime number?
True
Is 82454929 prime?
True
Is 27213839 a prime number?
True
Is 1095136333 prime?
False
Is 1375358 a composite number?
True
Is 310476769 composite?
True
Is 36417079 composite?
False
Is 870533 prime?
True
Is 841147 a prime number?
True
Is 38620891 prime?
False
Is 3302609 composite?
True
Is 12447187 composite?
False
Is 6996037 composite?
False
Is 753793 composite?
False
Is 15803959 a prime number?
False
Is 16225613 a prime number?
True
Is 362071774 a composite number?
True
Is 917363 a composite number?
False
Is 9657311 a composite number?
False
Is 373310673 a composite number?
True
Is 260464891 prime?
True
Is 6373813 a prime number?
True
Is 2020721 prime?
True
Is 864989 a prime number?
True
Is 136240847 a composite number?
False
Is 10289245 a prime number?
False
Is 550502087 prime?
True
Is 30885287 a composite number?
True
Is 508107451 prime?
False
Is 520706551 prime?
True
Is 116497393 prime?
True
Is 11625035 composite?
True
Is 76812271 composite?
True
Is 2060749 prime?
True
Is 25982993 a composite number?
False
Is 1948411 a prime number?
True
Is 2207269 prime?
True
Is 883763 composite?
False
Is 10268753 a prime number?
False
Is 891399 composite?
True
Is 16236953 a composite number?
False
Is 40405843 a composite number?
False
Is 41729423 composite?
False
Is 111329611 prime?
False
Is 78100457 a prime number?
False
Is 4221059 a composite number?
True
Is 144003653 composite?
True
Is 369425347 prime?
False
Is 123093599 a prime number?
False
Is 1342867 prime?
False
Is 26009833 composite?
False
Is 6207461 prime?
False
Is 2201839 a prime number?
True
Is 3912803 a prime number?
False
Is 7584821 a prime number?
False
Is 50285093 a composite number?
False
Is 65176157 a composite number?
False
Is 60848471 a prime number?
False
Is 55707073 a prime number?
True
Is 245546981 composite?
True
Is 8428601 prime?
True
Is 13134853 composite?
False
Is 207024241 a composite number?
True
Is 11134699 prime?
False
Is 5082379 a prime number?
False
Is 18702487 prime?
True
Is 24202481 prime?
True
Is 2165927 prime?
False
Is 448891007 prime?
True
Is 4106977 prime?
False
Is 3590997 prime?
False
Is 3191809 composite?
True
Is 2316527 prime?
False
Is 804967 a composite number?
True
Is 14054305 composite?
True
Is 745695199 a prime number?
True
Is 19345234 prime?
False
Is 19376927 composite?
False
Is 3905479 prime?
False
Is 231758311 prime?
False
Is 228542749 a prime number?
False
Is 21350597 a prime number?
True
Is 199420467 prime?
False
Is 632058751 a composite number?
True
Is 6656719 a prime number?
False
Is 1618159 a composite number?
True
Is 269624287 composite?
False
Is 189753491 composite?
False
Is 2704043 a prime number?
True
Is 831643 a prime number?
True
Is 12470449 a composite number?
False
Is 58788061 composite?
True
Is 29000831 composite?
True
Is 87913537 a composite number?
False
Is 188097629 a prime number?
True
Is 1456789 prime?
True
Is 184834789 prime?
False
Is 769991329 composite?
False
Is 5520881 a composite number?
True
Is 48933727 prime?
True
Is 65307661 a composite number?
True
Is 25370047 a prime number?
True
Is 2929453 a composite number?
False
Is 650347 prime?
True
Is 786414383 a prime number?
True
Is 593841 a prime number?
False
Is 2420417 prime?
True
Is 6035086 a prime number?
False
Is 438703 a prime number?
False
Is 1106894579 a composite number?
True
Is 84788381 a prime number?
True
Is 28788859 prime?
False
Is 6609189 a prime number?
False
Is 101674679 a prime number?
True
Is 4803641 composite?
False
Is 29823841 prime?
True
Is 243822067 a composite number?
False
Is 87933029 a composite number?
False
Is 1709699 a prime number?
True
Is 4481803 prime?
False
Is 190946909 a composite number?
False
Is 16918138 a composite number?
True
Is 13116617 a composite number?
True
Is 1564447 prime?
False
Is 6789121 composite?
False
Is 418921 composite?
False
Is 33928259 prime?
True
Is 8214527 a prime number?
True
Is 26522459 a composite number?
True
Is 56624333 prime?
True
Is 126844829 composite?
False
Is 21980011 a prime number?
False
Is 28953247 a prime number?
False
Is 2621807 a prime number?
True
Is 2230603 a composite number?
True
Is 808517 composite?
False
Is 757963 a composite number?
True
Is 56333323 prime?
True
Is 394931 a composite number?
False
Is 3873011 prime?
True
Is 1664273 prime?
False
Is 20113501 a composite number?
True
Is 1233811 a composite number?
True
Is 22030417 a composite number?
True
Is 228223 prime?
True
Is 17507509 composite?
True
Is 16439 a composite number?
True
Is 86254337 a prime number?
False
Is 88846567 prime?
True
Is 2271721 a composite number?
False
Is 44872279 composite?
False
Is 147955627 composite?
False
Is 11539267 prime?
True
Is 4623401 a prime number?
True
Is 43450883 a prime number?
False
Is 1152883 prime?
False
Is 2696563 prime?
True
Is 12599047 composite?
False
Is 86211617 a prime number?
True
Is 963041 prime?
False
Is 640907 a composite number?
False
Is 1400569 prime?
False
Is 2821807 prime?
True
Is 6523607 prime?
True
Is 27219337 composite?
False
Is 15536401 a composite number?
True
Is 638459 composite?
False
Is 1675259 a composite number?
False
Is 6274893 a composite number?
True
Is 24355733 prime?
True
Is 11614963 a prime number?
True
Is 18848447 a composite number?
False
Is 526055 a prime number?
False
Is 16525753 composite?
True
Is 103955678 prime?
False
Is 45179 composite?
False
Is 545329 a composite number?
False
Is 4804466 composite?
True
Is 132230477 a composite number?
False
Is 8176967 a prime number?
True
Is 85095503 a composite number?
False
Is 450833 prime?
False
Is 45887 prime?
True
Is 10738537 a prime number?
False
Is 3929379 a prime number?
False
Is 15059639 composite?
True
Is 386083 a composite number?
False
Is 2023003 prime?
False
Is 7419007 a prime number?
True
Is 32798789 prime?
True
Is 232375697 prime?
True
Is 28556401 prime?
False
Is 2156593 a prime number?
False
Is 37911 a composite number?
True
Is 25408769 a composite number?
False
Is 15343219 a composite number?
False
Is 1458521 composite?
False
Is 10561217 a composite number?
True
Is 9162917 composite?
True
Is 1631449 prime?
False
Is 83601395 composite?
True
Is 11117213 a prime number?
True
Is 91229893 a composite number?
False
Is 21027449 composite?
False
Is 43087859 composite?
True
Is 4197113 a prime number?
False
Is 191382349 a composite number?
False
Is 17791153 a prime number?
True
Is 4885718 prime?
False
Is 236839537 composite?
True
Is 2427181 a prime number?
False
Is 40771849 a prime number?
True
Is 86421611 prime?
True
Is 131959 a prime number?
True
Is 3880967 composite?
True
Is 34327 composite?
False
Is 15200047 a composite number?
False
Is 55609913 a prime number?
True
Is 89095483 prime?
False
Is 1271393 a prime number?
True
Is 60263437 a composite number?
True
Is 580227359 a prime number?
True
Is 10376363 a composite number?
False
Is 4296277 compos